
Suppose 20 = 4*c, 4*f + 2*c = 3*f + 36. Suppose 26 = f*q - 24*q. Suppose -3*b + 10 = 1. Calculate the remainder when q is divided by b.
1
What is the remainder when 1267 is divided by (-6)/4 - (787311/(-630) + 8/(-10))?
18
Let k = -841 - -939. Suppose 4*i = 20, 0 = -x + 3*x + 5*i - 37. What is the remainder when k is divided by x?
2
Suppose -5*g + 1661 = 2*n - 459, n = -3*g + 1272. Suppose g*r = 427*r - 120. Calculate the remainder when 192 is divided by r.
32
Let x(q) = -q**2 + 24*q - 12. Let t(n) = 20*n - 13. Let k(h) = 3*t(h) - 2*x(h). What is the remainder when k(-8) is divided by 10?
7
Let k(o) = 2*o**2 + 8*o - 8. Let f(x) = -x**3 + 10*x**2 - 9*x + 10. Let s be f(6). Suppose 1696 = 12*t + s. What is the remainder when t is divided by k(-7)?
31
Suppose -4*f = 13*f - 289. Calculate the remainder when f is divided by (0 - 12/(-9))*33/4.
6
Suppose -4*o + 35 = a - 278, -566 = -2*a + 2*o. What is the remainder when 581 is divided by a?
3
Let z(u) = u**2 - 11*u - 25. Let l(f) = -16*f - 18. Let d be l(-2). Calculate the remainder when z(d) is divided by 10.
7
What is the remainder when ((-1281)/35 + 5)*-10 - -3 is divided by 88?
55
Suppose 85*u - 2596 - 2008 = 411. Calculate the remainder when 391 is divided by u.
37
Let f = -11117 + 12740. Calculate the remainder when f is divided by 29.
28
Let c = 25 + 21. Let u(a) = -31*a + 25. Let z(l) = 32*l - 23. Let h(n) = 2*u(n) + 3*z(n). Calculate the remainder when c is divided by h(1).
1
Let g(i) = -2*i**3 - 7*i**2 - 5*i - 12. Let j be g(-4). Let f(k) = k + 48. Let w be f(0). Let u = j + w. Calculate the remainder when u is divided by 25.
22
Let j(v) = 3*v**2 + 35*v + 429. What is the remainder when j(-13) is divided by 475?
6
Let c(b) = 18*b**2 - 44*b + 72. Calculate the remainder when c(15) is divided by 33.
30
Let f be (-1*197 - -2)*2/(-5). Suppose -f = -8*q + 2. Suppose -5*n + 20 + 10 = 0. Calculate the remainder when q is divided by n.
4
Suppose -3*w = 4*t - 7 - 60, 78 = 5*t - 2*w. Let k = 75 + t. Suppose 4*r - x - k = 0, 104 - 23 = 3*r - 5*x. What is the remainder when r is divided by 6?
4
Let m(f) = -2*f - 19 + 19*f + f**2 + f. Let j be m(-19). Calculate the remainder when (5/15 - j)*111 is divided by 4.
1
Suppose 5*f + 296 = 3*o, 2*f + 232 = -o + 327. What is the remainder when 963 is divided by o?
90
Let p(a) = -100*a**3 - 6*a**2 - 14*a - 10. Calculate the remainder when p(-2) is divided by 32.
26
Calculate the remainder when 238 is divided by (-41)/((-574)/104)*(78/4 - 2).
108
Calculate the remainder when 246 is divided by (-157)/(-4) - (55/44 + -2).
6
Let f(u) = 3*u**3 - 4*u**2 + 6*u + 12. Let o be (-100)/75*(-3)/1. Calculate the remainder when f(o) is divided by 42.
38
Let w = -166 - -354. Let r = w - 317. Let v = r - -188. Calculate the remainder when v is divided by 32.
27
Suppose 524 = 4*d - 8*d. Let y = d + 208. What is the remainder when y is divided by 10?
7
Suppose 0 = 4*u + 5*v - 97, 12*u = 8*u + 4*v + 124. What is the remainder when 1051 is divided by u?
15
Suppose 15*n - 1361 = 4579. Calculate the remainder when n is divided by 169.
58
Suppose -410 - 154 = 6*i. Let w = i + 106. What is the remainder when 4/(-10) + 648/20 is divided by w?
8
Let r = 12 - 11. Let k be -16 - (3/(-6))/(r/(-4)). Let j(u) = u**2 + 17*u - 10. Calculate the remainder when 13 is divided by j(k).
5
Let v(d) be the third derivative of -d**4/24 + 19*d**3/3 + 925*d**2 - d. Suppose p + p - 32 = 0. Calculate the remainder when 85 is divided by v(p).
19
Suppose s = -23*i + 27*i - 1587, -5*i + 2*s + 1980 = 0. Suppose 75 = 4*j - 3*c - 16, -3*c = -3*j + 72. Calculate the remainder when i is divided by j.
18
Let n(y) = 13*y**2 - 19*y - 244. Calculate the remainder when n(-12) is divided by 160.
96
Suppose -a + 14 = -6. Suppose 107*k - 67*k = 280. What is the remainder when 512/a + (-6)/10 is divided by k?
4
Let k = -2669 - -2822. What is the remainder when 436 is divided by k?
130
Let q(l) = 8*l. Let a be q(2). Suppose 5*o - a = -6. Suppose 15 + 6 = 3*d - 3*m, -m = o*d - 26. What is the remainder when d is divided by 5?
1
Suppose 110*d - 118*d = 184. What is the remainder when (d - 7)/(-10) - (1 - 28) is divided by 12?
6
Let v(u) = -11*u + 187. Let p be v(-15). Suppose a - 4*l = 123, a - 4*a - 5*l = -p. Calculate the remainder when a is divided by 20.
19
What is the remainder when 806 is divided by 6/9*-510*4/(-20)?
58
Let b(d) = 2*d**2 - 157*d - 464. Let k(u) = 20*u + 39. Calculate the remainder when k(8) is divided by b(-3).
24
Let v(w) = 1011*w - 14. Let z be v(-2). What is the remainder when 8/(-16) + z/(-8) is divided by 64?
62
Let w = -199 - -206. Let d(v) = 4*v**2 + 14*v - 57. Calculate the remainder when d(w) is divided by 60.
57
Suppose 16*x - 8190 = x. Suppose 3*z - x = -2*g, g + 3*g = 2*z + 1124. What is the remainder when g is divided by 47?
44
Suppose -197*y + 821 = 5*c - 200*y, 0 = -c - y + 169. What is the remainder when c is divided by 4?
2
Let o(q) = -26*q - 1960. Calculate the remainder when o(-104) is divided by 74.
4
Let z(s) = 120*s - 2346. What is the remainder when 1333 is divided by z(20)?
37
Let d = 5326 - 5292. What is the remainder when 163 is divided by d?
27
Calculate the remainder when 1158*2/6*(0 - 5/(-1)) is divided by 193.
0
Let m be (-1379)/(-5) - (-3 + 126/45). Suppose -188*q + m = -182*q. Calculate the remainder when q is divided by 18 + (-2 - 0)/1.
14
Suppose 0*y - 5*t + 42 = y, 0 = -3*t + 6. Let z(c) = c**2 - 14*c - 10. Let p be z(15). Suppose -p*u + 9 = -4*u. Calculate the remainder when y is divided by u.
5
Let q = 16987 + -16886. Let r(d) = -7*d - 4. What is the remainder when q is divided by r(-4)?
5
Let m = -167 + 159. Calculate the remainder when ((-2)/(-10) - m/10) + 126 is divided by 26.
23
Let j(b) = 22*b. Let t = 8015 - 8003. What is the remainder when j(1) is divided by t?
10
Let j = -14478 + 14558. What is the remainder when 160 is divided by j?
0
Let n = -874 - -1755. Calculate the remainder when n is divided by 281.
38
Suppose 631*r - 707*r + 5852 = 0. Let j = -5 - -21. Calculate the remainder when r is divided by j.
13
Let w(l) = -6 - 9*l**2 - 24*l**3 + 22*l**3 + 27 - 3*l**2 - 2*l**2. Calculate the remainder when w(-10) is divided by 89.
87
Suppose 44*y - 183 - 6109 = 0. Calculate the remainder when 2564 is divided by y.
133
What is the remainder when -1*(-8 + -1819 + -4) is divided by 304?
7
Suppose 0*i = 5*i - 50. Suppose 241 = 51*w + 74 - 190. Calculate the remainder when i is divided by w.
3
Let m = -4896 + 6379. What is the remainder when m is divided by 729?
25
Let v = -1868 + 1894. What is the remainder when 123 is divided by v?
19
Suppose 0 = 14*h - 13*h + 5*y - 22, 2*h + 3*y - 23 = 0. Let m = 3 - -5. Calculate the remainder when 651/21 - (h - 2) is divided by m.
2
Let z = 117112 - 116888. Let t(u) = -u**2 + 3*u - 2. Let h be t(5). Calculate the remainder when z is divided by (40/h)/((-2)/27).
44
Let t(d) = 3*d**3 + 19*d**2 - 29*d - 195. Let q be t(-7). Let p(h) = 5*h - 2. Let x be p(-3). Let v = x - q. What is the remainder when v is divided by 11?
7
Let c(v) = -v**3 + 29*v**2 - 4*v - 139. Calculate the remainder when c(23) is divided by 4.
3
Let a be (-1)/7 - 4168/28. Let j = -144 - a. What is the remainder when 19 is divided by j?
4
Let p(z) = -40*z - 242. Let s be p(-7). Suppose -29*m = -s*m + 1206. Calculate the remainder when m is divided by 8.
6
Let n(i) = 150*i - 4725. Calculate the remainder when 1123 is divided by n(33).
223
Let w be ((-16)/(-3) - 4)/((-10)/15). Let n(x) = -6*x**3 - x**2 - 3*x - 1. Calculate the remainder when n(w) is divided by 6.
1
Calculate the remainder when 610 is divided by ((-2)/3)/((-5)/45 + 0).
4
Let c(k) = k**3 + 91*k**2 + 68*k - 1942. What is the remainder when 332 is divided by c(-90)?
28
What is the remainder when 4*-121*(270/20 + -9)*-8 is divided by 111?
108
Let x(v) = v**2 - 32*v + 183. What is the remainder when 5229 is divided by x(5)?
45
Let s(x) = 2*x**3 - 17*x**2 + 37*x - 84. Calculate the remainder when s(8) is divided by 25.
23
Let z be ((-40)/30)/((-4)/18). Suppose -a - z = -10. Suppose -2*u = -2*o + 30, u + a*u = -2*o + 23. What is the remainder when 41 is divided by o?
13
What is the remainder when 1*(290 - 1) + ((-108)/6 - -25) is divided by 103?
90
Suppose -7*h + 46 + 836 = 0. What is the remainder